2024/09/19 09:12:57 [error] 446491#446491: *856 connect() to [2a03:4000:3b:221::1]:443 failed (101: Network is unreachable) while connecting to upstream, client: 66.249.75.202, server: 192.168.1.2, request: "GET /releases/faillogs-22.03/powerpc_464fp/ HTTP/1.1", upstream: "https://[2a03:4000:3b:221::1]:443/releases/faillogs-22.03/powerpc_464fp/", host: "d.zhuihoude.cn:1443"
2024/09/19 09:15:27 [error] 446492#446492: *863 connect() to [2a03:4000:3b:221::1]:443 failed (101: Network is unreachable) while connecting to upstream, client: 66.249.75.203, server: 192.168.1.2, request: "GET /releases/packages-19.07/mipsel_mips32/routing/quagga-libzebra_1.1.1-1_mipsel_mips32.ipk HTTP/1.1", upstream: "https://[2a03:4000:3b:221::1]:443/releases/packages-19.07/mipsel_mips32/routing/quagga-libzebra_1.1.1-1_mipsel_mips32.ipk", host: "d.zhuihoude.cn:1443"
2024/09/19 09:16:21 [error] 446492#446492: *866 upstream timed out (110: Connection timed out) while connecting to upstream, client: 66.249.75.201, server: 192.168.1.2, request: "GET /releases/packages-19.07/mipsel_mips32/routing/zonestitcher_2016-06-28-8a28ae92c97099e771c9ede5641e3782ae809c27-1_mipsel_mips32.ipk HTTP/1.1", upstream: "https://185.163.119.85:443/releases/packages-19.07/mipsel_mips32/routing/zonestitcher_2016-06-28-8a28ae92c97099e771c9ede5641e3782ae809c27-1_mipsel_mips32.ipk", host: "d.zhuihoude.cn:1443"
2024/09/19 09:16:21 [error] 446492#446492: *866 connect() to [2a03:4000:3b:221::1]:443 failed (101: Network is unreachable) while connecting to upstream, client: 66.249.75.201, server: 192.168.1.2, request: "GET /releases/packages-19.07/mipsel_mips32/routing/zonestitcher_2016-06-28-8a28ae92c97099e771c9ede5641e3782ae809c27-1_mipsel_mips32.ipk HTTP/1.1", upstream: "https://[2a03:4000:3b:221::1]:443/releases/packages-19.07/mipsel_mips32/routing/zonestitcher_2016-06-28-8a28ae92c97099e771c9ede5641e3782ae809c27-1_mipsel_mips32.ipk", host: "d.zhuihoude.cn:1443"
2024/09/19 09:16:50 [error] 446491#446491: *859 connect() to [2a03:4000:3b:221::1]:443 failed (101: Network is unreachable) while connecting to upstream, client: 66.249.75.201, server: 192.168.1.2, request: "GET /releases/packages-19.07/arm_cortex-a8_vfpv3/packages/ HTTP/1.1", upstream: "https://[2a03:4000:3b:221::1]:443/releases/packages-19.07/arm_cortex-a8_vfpv3/packages/", host: "d.zhuihoude.cn:1443"
2024/09/19 09:19:38 [error] 446492#446492: *876 connect() to [2a03:4000:3b:221::1]:443 failed (101: Network is unreachable) while connecting to upstream, client: 66.249.75.202, server: 192.168.1.2, request: "GET /releases/faillogs-18.06/powerpc_8540/ HTTP/1.1", upstream: "https://[2a03:4000:3b:221::1]:443/releases/faillogs-18.06/powerpc_8540/", host: "d.zhuihoude.cn:1443"
2024/09/19 09:22:09 [error] 446492#446492: *884 connect() to [2a03:4000:3b:221::1]:443 failed (101: Network is unreachable) while connecting to upstream, client: 66.249.75.203, server: 192.168.1.2, request: "GET /releases/23.05.0-rc3/targets/realtek/ HTTP/1.1", upstream: "https://[2a03:4000:3b:221::1]:443/releases/23.05.0-rc3/targets/realtek/", host: "d.zhuihoude.cn:1443"
2024/09/19 09:24:13 [error] 446492#446492: *890 open() "/opt/static/plugin/AntiXRay" failed (2: No such file or directory), client: 127.0.0.1, server: 192.168.1.2, request: "POST /plugin/AntiXRay HTTP/1.1", host: "report.mcstats.org"
2024/09/19 09:24:40 [error] 446492#446492: *893 connect() to [2a03:4000:3b:221::1]:443 failed (101: Network is unreachable) while connecting to upstream, client: 66.249.75.202, server: 192.168.1.2, request: "GET /releases/23.05.0-rc3/targets/ipq40xx/ HTTP/1.1", upstream: "https://[2a03:4000:3b:221::1]:443/releases/23.05.0-rc3/targets/ipq40xx/", host: "d.zhuihoude.cn:1443"
2024/09/19 09:26:23 [error] 446492#446492: *898 upstream timed out (110: Connection timed out) while connecting to upstream, client: 66.249.75.203, server: 192.168.1.2, request: "GET /releases/23.05.0-rc3/targets/octeon/ HTTP/1.1", upstream: "https://185.163.119.85:443/releases/23.05.0-rc3/targets/octeon/", host: "d.zhuihoude.cn:1443"
2024/09/19 09:26:23 [error] 446492#446492: *898 connect() to [2a03:4000:3b:221::1]:443 failed (101: Network is unreachable) while connecting to upstream, client: 66.249.75.203, server: 192.168.1.2, request: "GET /releases/23.05.0-rc3/targets/octeon/ HTTP/1.1", upstream: "https://[2a03:4000:3b:221::1]:443/releases/23.05.0-rc3/targets/octeon/", host: "d.zhuihoude.cn:1443"
2024/09/19 09:27:11 [error] 446492#446492: *901 connect() to [2a03:4000:3b:221::1]:443 failed (101: Network is unreachable) while connecting to upstream, client: 66.249.75.201, server: 192.168.1.2, request: "GET /releases/23.05.0-rc3/targets/kirkwood/ HTTP/1.1", upstream: "https://[2a03:4000:3b:221::1]:443/releases/23.05.0-rc3/targets/kirkwood/", host: "d.zhuihoude.cn:1443"
2024/09/19 09:28:00 [error] 446492#446492: *901 connect() to [2a03:4000:3b:221::1]:443 failed (101: Network is unreachable) while connecting to upstream, client: 66.249.75.201, server: 192.168.1.2, request: "GET /releases/23.05.0-rc3/targets/tegra/ HTTP/1.1", upstream: "https://[2a03:4000:3b:221::1]:443/releases/23.05.0-rc3/targets/tegra/", host: "d.zhuihoude.cn:1443"
2024/09/19 09:30:15 [error] 446492#446492: *897 open() "/opt/static/教程/直播机_壁纸不完整_关闭主屏菜单/readme.md" failed (2: No such file or directory), client: 66.249.75.201, server: 192.168.1.2, request: "GET /%E6%95%99%E7%A8%8B/%E7%9B%B4%E6%92%AD%E6%9C%BA_%E5%A3%81%E7%BA%B8%E4%B8%8D%E5%AE%8C%E6%95%B4_%E5%85%B3%E9%97%AD%E4%B8%BB%E5%B1%8F%E8%8F%9C%E5%8D%95/readme.md HTTP/1.1", host: "d.zhuihoude.cn:1443"
2024/09/19 09:30:31 [error] 446492#446492: *901 connect() to [2a03:4000:3b:221::1]:443 failed (101: Network is unreachable) while connecting to upstream, client: 66.249.75.201, server: 192.168.1.2, request: "GET /releases/23.05.0-rc3/targets/ipq806x/ HTTP/1.1", upstream: "https://[2a03:4000:3b:221::1]:443/releases/23.05.0-rc3/targets/ipq806x/", host: "d.zhuihoude.cn:1443"
2024/09/19 09:33:02 [error] 446492#446492: *915 connect() to [2a03:4000:3b:221::1]:443 failed (101: Network is unreachable) while connecting to upstream, client: 66.249.75.202, server: 192.168.1.2, request: "GET /releases/23.05.0-rc3/targets/lantiq/ HTTP/1.1", upstream: "https://[2a03:4000:3b:221::1]:443/releases/23.05.0-rc3/targets/lantiq/", host: "d.zhuihoude.cn:1443"
2024/09/19 09:35:32 [error] 446492#446492: *901 connect() to [2a03:4000:3b:221::1]:443 failed (101: Network is unreachable) while connecting to upstream, client: 66.249.75.201, server: 192.168.1.2, request: "GET /releases/packages-19.07/mipsel_mips32/routing/bmx7-tun_r2019030802-1_mipsel_mips32.ipk HTTP/1.1", upstream: "https://[2a03:4000:3b:221::1]:443/releases/packages-19.07/mipsel_mips32/routing/bmx7-tun_r2019030802-1_mipsel_mips32.ipk", host: "d.zhuihoude.cn:1443"
2024/09/19 09:38:04 [error] 446492#446492: *928 connect() to [2a03:4000:3b:221::1]:443 failed (101: Network is unreachable) while connecting to upstream, client: 66.249.75.201, server: 192.168.1.2, request: "GET /releases/packages-19.07/mipsel_mips32/routing/bird2cl_2.0.8-1_mipsel_mips32.ipk HTTP/1.1", upstream: "https://[2a03:4000:3b:221::1]:443/releases/packages-19.07/mipsel_mips32/routing/bird2cl_2.0.8-1_mipsel_mips32.ipk", host: "d.zhuihoude.cn:1443"
2024/09/19 09:39:13 [error] 446492#446492: *933 open() "/opt/static/plugin/AntiXRay" failed (2: No such file or directory), client: 127.0.0.1, server: 192.168.1.2, request: "POST /plugin/AntiXRay HTTP/1.1", host: "report.mcstats.org"
2024/09/19 09:39:44 [error] 446492#446492: *928 connect() to [2a03:4000:3b:221::1]:443 failed (101: Network is unreachable) while connecting to upstream, client: 66.249.75.201, server: 192.168.1.2, request: "GET /releases/23.05.0-rc3/targets/bcm4908/ HTTP/1.1", upstream: "https://[2a03:4000:3b:221::1]:443/releases/23.05.0-rc3/targets/bcm4908/", host: "d.zhuihoude.cn:1443"
2024/09/19 09:42:15 [error] 446492#446492: *943 connect() to [2a03:4000:3b:221::1]:443 failed (101: Network is unreachable) while connecting to upstream, client: 66.249.75.203, server: 192.168.1.2, request: "GET /releases/packages-19.07/mipsel_mips32/routing/batctl-tiny_2019.2-8_mipsel_mips32.ipk HTTP/1.1", upstream: "https://[2a03:4000:3b:221::1]:443/releases/packages-19.07/mipsel_mips32/routing/batctl-tiny_2019.2-8_mipsel_mips32.ipk", host: "d.zhuihoude.cn:1443"
2024/09/19 09:43:55 [error] 446492#446492: *928 connect() to [2a03:4000:3b:221::1]:443 failed (101: Network is unreachable) while connecting to upstream, client: 66.249.75.201, server: 192.168.1.2, request: "GET /releases/packages-19.07/mipsel_mips32/routing/batmand_1440-0_mipsel_mips32.ipk HTTP/1.1", upstream: "https://[2a03:4000:3b:221::1]:443/releases/packages-19.07/mipsel_mips32/routing/batmand_1440-0_mipsel_mips32.ipk", host: "d.zhuihoude.cn:1443"
2024/09/19 09:44:45 [error] 446491#446491: *953 connect() to [2a03:4000:3b:221::1]:443 failed (101: Network is unreachable) while connecting to upstream, client: 66.249.75.202, server: 192.168.1.2, request: "GET /releases/faillogs-22.03/mips_4kec/ HTTP/1.1", upstream: "https://[2a03:4000:3b:221::1]:443/releases/faillogs-22.03/mips_4kec/", host: "d.zhuihoude.cn:1443"
2024/09/19 09:47:16 [error] 446492#446492: *928 connect() to [2a03:4000:3b:221::1]:443 failed (101: Network is unreachable) while connecting to upstream, client: 66.249.75.201, server: 192.168.1.2, request: "GET /releases/faillogs-21.02/mips_4kec/ HTTP/1.1", upstream: "https://[2a03:4000:3b:221::1]:443/releases/faillogs-21.02/mips_4kec/", host: "d.zhuihoude.cn:1443"
2024/09/19 09:47:19 [error] 446492#446492: *928 upstream timed out (110: Connection timed out) while connecting to upstream, client: 66.249.75.201, server: 192.168.1.2, request: "GET /releases/faillogs-21.02/mips_4kec/ HTTP/1.1", upstream: "https://185.163.119.85:443/releases/faillogs-21.02/mips_4kec/", host: "d.zhuihoude.cn:1443"
2024/09/19 09:49:47 [error] 446491#446491: *963 connect() to [2a03:4000:3b:221::1]:443 failed (101: Network is unreachable) while connecting to upstream, client: 66.249.75.202, server: 192.168.1.2, request: "GET /releases/packages-22.03/powerpc_464fp/ HTTP/1.1", upstream: "https://[2a03:4000:3b:221::1]:443/releases/packages-22.03/powerpc_464fp/", host: "d.zhuihoude.cn:1443"
2024/09/19 09:49:50 [error] 446491#446491: *963 upstream timed out (110: Connection timed out) while connecting to upstream, client: 66.249.75.202, server: 192.168.1.2, request: "GET /releases/packages-22.03/powerpc_464fp/ HTTP/1.1", upstream: "https://185.163.119.85:443/releases/packages-22.03/powerpc_464fp/", host: "d.zhuihoude.cn:1443"
2024/09/19 09:53:37 [error] 446491#446491: *975 upstream timed out (110: Connection timed out) while connecting to upstream, client: 66.249.75.201, server: 192.168.1.2, request: "GET /releases/faillogs-19.07/arc_arc700/ HTTP/1.1", upstream: "https://185.163.119.85:443/releases/faillogs-19.07/arc_arc700/", host: "d.zhuihoude.cn:1443"
2024/09/19 09:53:37 [error] 446491#446491: *975 connect() to [2a03:4000:3b:221::1]:443 failed (101: Network is unreachable) while connecting to upstream, client: 66.249.75.201, server: 192.168.1.2, request: "GET /releases/faillogs-19.07/arc_arc700/ HTTP/1.1", upstream: "https://[2a03:4000:3b:221::1]:443/releases/faillogs-19.07/arc_arc700/", host: "d.zhuihoude.cn:1443"
2024/09/19 09:53:38 [error] 446491#446491: *975 no live upstreams while connecting to upstream, client: 66.249.75.201, server: 192.168.1.2, request: "GET /releases/21.02.3/ HTTP/1.1", upstream: "https://mirror-03.infra.openwrt.org/releases/21.02.3/", host: "d.zhuihoude.cn:1443"
2024/09/19 09:53:40 [error] 446491#446491: *975 no live upstreams while connecting to upstream, client: 66.249.75.201, server: 192.168.1.2, request: "GET /releases/18.06.3/targets/rb532/ HTTP/1.1", upstream: "https://mirror-03.infra.openwrt.org/releases/18.06.3/targets/rb532/", host: "d.zhuihoude.cn:1443"
2024/09/19 09:53:41 [error] 446491#446491: *975 no live upstreams while connecting to upstream, client: 66.249.75.201, server: 192.168.1.2, request: "GET /releases/faillogs-19.07/mipsel_mips32/ HTTP/1.1", upstream: "https://mirror-03.infra.openwrt.org/releases/faillogs-19.07/mipsel_mips32/", host: "d.zhuihoude.cn:1443"
2024/09/19 09:53:42 [error] 446491#446491: *975 no live upstreams while connecting to upstream, client: 66.249.75.201, server: 192.168.1.2, request: "GET /releases/faillogs-19.07/i386_pentium/packages/ HTTP/1.1", upstream: "https://mirror-03.infra.openwrt.org/releases/faillogs-19.07/i386_pentium/packages/", host: "d.zhuihoude.cn:1443"
2024/09/19 09:53:43 [error] 446491#446491: *975 no live upstreams while connecting to upstream, client: 66.249.75.201, server: 192.168.1.2, request: "GET /releases/23.05.0-rc3/packages/arm_arm926ej-s/ HTTP/1.1", upstream: "https://mirror-03.infra.openwrt.org/releases/23.05.0-rc3/packages/arm_arm926ej-s/", host: "d.zhuihoude.cn:1443"
2024/09/19 09:53:47 [error] 446491#446491: *978 no live upstreams while connecting to upstream, client: 66.249.75.201, server: 192.168.1.2, request: "GET /releases/22.03.0-rc5/targets/bcm47xx/ HTTP/1.1", upstream: "https://mirror-03.infra.openwrt.org/releases/22.03.0-rc5/targets/bcm47xx/", host: "d.zhuihoude.cn:1443"
2024/09/19 09:53:49 [error] 446491#446491: *978 "/opt/static/opt/static/教程/index.html" is not found (2: No such file or directory), client: 66.249.75.201, server: 192.168.1.2, request: "GET /opt/static/%E6%95%99%E7%A8%8B/ HTTP/1.1", host: "d.zhuihoude.cn:1443"
2024/09/19 09:53:53 [error] 446491#446491: *978 connect() to [2a03:4000:3b:221::1]:443 failed (101: Network is unreachable) while connecting to upstream, client: 66.249.75.201, server: 192.168.1.2, request: "GET /releases/18.06.3/targets/ipq806x/ HTTP/1.1", upstream: "https://[2a03:4000:3b:221::1]:443/releases/18.06.3/targets/ipq806x/", host: "d.zhuihoude.cn:1443"
2024/09/19 09:54:13 [error] 446491#446491: *982 open() "/opt/static/plugin/AntiXRay" failed (2: No such file or directory), client: 127.0.0.1, server: 192.168.1.2, request: "POST /plugin/AntiXRay HTTP/1.1", host: "report.mcstats.org"
2024/09/19 09:55:55 [error] 446491#446491: *978 connect() to [2a03:4000:3b:221::1]:443 failed (101: Network is unreachable) while connecting to upstream, client: 66.249.75.201, server: 192.168.1.2, request: "GET /releases/17.01.1/ HTTP/1.1", upstream: "https://[2a03:4000:3b:221::1]:443/releases/17.01.1/", host: "d.zhuihoude.cn:1443"
2024/09/19 09:56:57 [error] 446492#446492: *990 open() "/opt/static/nginx.log" failed (2: No such file or directory), client: 66.249.75.202, server: 192.168.1.2, request: "GET /nginx.log HTTP/1.1", host: "d.zhuihoude.cn:1443"
2024/09/19 09:57:58 [error] 446492#446492: *990 connect() to [2a03:4000:3b:221::1]:443 failed (101: Network is unreachable) while connecting to upstream, client: 66.249.75.202, server: 192.168.1.2, request: "GET /releases/18.06.0/packages/ HTTP/1.1", upstream: "https://[2a03:4000:3b:221::1]:443/releases/18.06.0/packages/", host: "d.zhuihoude.cn:1443"
2024/09/19 10:00:13 [error] 446492#446492: *1004 connect() to [2a03:4000:3b:221::1]:443 failed (101: Network is unreachable) while connecting to upstream, client: 66.249.75.201, server: 192.168.1.2, request: "GET /releases/23.05.0-rc3/packages/arm_arm1176jzf-s_vfp/ HTTP/1.1", upstream: "https://[2a03:4000:3b:221::1]:443/releases/23.05.0-rc3/packages/arm_arm1176jzf-s_vfp/", host: "d.zhuihoude.cn:1443"
2024/09/19 10:03:10 [error] 446492#446492: *1000 connect() to [2a03:4000:3b:221::1]:443 failed (101: Network is unreachable) while connecting to upstream, client: 66.249.75.202, server: 192.168.1.2, request: "GET /releases/faillogs-19.07/mipsel_24kc_24kf/packages/ HTTP/1.1", upstream: "https://[2a03:4000:3b:221::1]:443/releases/faillogs-19.07/mipsel_24kc_24kf/packages/", host: "d.zhuihoude.cn:1443"
2024/09/19 10:06:19 [error] 446492#446492: *1018 connect() to [2a03:4000:3b:221::1]:443 failed (101: Network is unreachable) while connecting to upstream, client: 66.249.75.201, server: 192.168.1.2, request: "GET /releases/packages-19.07/mipsel_mips32/telephony/ HTTP/1.1", upstream: "https://[2a03:4000:3b:221::1]:443/releases/packages-19.07/mipsel_mips32/telephony/", host: "d.zhuihoude.cn:1443"
2024/09/19 10:06:22 [error] 446492#446492: *1018 upstream timed out (110: Connection timed out) while connecting to upstream, client: 66.249.75.201, server: 192.168.1.2, request: "GET /releases/packages-19.07/mipsel_mips32/telephony/ HTTP/1.1", upstream: "https://185.163.119.85:443/releases/packages-19.07/mipsel_mips32/telephony/", host: "d.zhuihoude.cn:1443"
2024/09/19 10:06:29 [error] 446492#446492: *1021 no live upstreams while connecting to upstream, client: 66.249.75.202, server: 192.168.1.2, request: "GET /releases/19.07.2/targets/mvebu/ HTTP/1.1", upstream: "https://mirror-03.infra.openwrt.org/releases/19.07.2/targets/mvebu/", host: "d.zhuihoude.cn:1443"
2024/09/19 10:06:31 [error] 446492#446492: *1000 connect() to [2a03:4000:3b:221::1]:443 failed (101: Network is unreachable) while connecting to upstream, client: 66.249.75.202, server: 192.168.1.2, request: "GET /releases/17.01.3/targets/ HTTP/1.1", upstream: "https://[2a03:4000:3b:221::1]:443/releases/17.01.3/targets/", host: "d.zhuihoude.cn:1443"
2024/09/19 10:06:31 [error] 446492#446492: *1000 no live upstreams while connecting to upstream, client: 66.249.75.202, server: 192.168.1.2, request: "GET /releases/17.01.3/targets/ HTTP/1.1", upstream: "https://mirror-03.infra.openwrt.org/releases/17.01.3/targets/", host: "d.zhuihoude.cn:1443"
2024/09/19 10:06:58 [error] 446492#446492: *1018 connect() to [2a03:4000:3b:221::1]:443 failed (101: Network is unreachable) while connecting to upstream, client: 66.249.75.201, server: 192.168.1.2, request: "GET /releases/18.06.1/ HTTP/1.1", upstream: "https://[2a03:4000:3b:221::1]:443/releases/18.06.1/", host: "d.zhuihoude.cn:1443"
2024/09/19 10:09:13 [error] 446492#446492: *1031 open() "/opt/static/plugin/AntiXRay" failed (2: No such file or directory), client: 127.0.0.1, server: 192.168.1.2, request: "POST /plugin/AntiXRay HTTP/1.1", host: "report.mcstats.org"
2024/09/19 10:10:01 [error] 446492#446492: *1032 connect() to [2a03:4000:3b:221::1]:443 failed (101: Network is unreachable) while connecting to upstream, client: 66.249.75.203, server: 192.168.1.2, request: "GET /releases/faillogs-19.07/mipsel_mips32/ HTTP/1.1", upstream: "https://[2a03:4000:3b:221::1]:443/releases/faillogs-19.07/mipsel_mips32/", host: "d.zhuihoude.cn:1443"
2024/09/19 10:10:46 [error] 446492#446492: *1038 connect() to [2a03:4000:3b:221::1]:443 failed (101: Network is unreachable) while connecting to upstream, client: 66.249.75.201, server: 192.168.1.2, request: "GET /releases/packages-19.07/arm_cortex-a8_neon/feeds.conf HTTP/1.1", upstream: "https://[2a03:4000:3b:221::1]:443/releases/packages-19.07/arm_cortex-a8_neon/feeds.conf", host: "d.zhuihoude.cn:1443"
2024/09/19 10:11:49 [error] 446492#446492: *1038 connect() to [2a03:4000:3b:221::1]:443 failed (101: Network is unreachable) while connecting to upstream, client: 66.249.75.201, server: 192.168.1.2, request: "GET /releases/faillogs-19.07/i386_pentium/base/ HTTP/1.1", upstream: "https://[2a03:4000:3b:221::1]:443/releases/faillogs-19.07/i386_pentium/base/", host: "d.zhuihoude.cn:1443"
2024/09/19 10:13:00 [error] 446492#446492: *1032 connect() to [2a03:4000:3b:221::1]:443 failed (101: Network is unreachable) while connecting to upstream, client: 66.249.75.203, server: 192.168.1.2, request: "GET /releases/faillogs-22.03/arm_cortex-a7/ HTTP/1.1", upstream: "https://[2a03:4000:3b:221::1]:443/releases/faillogs-22.03/arm_cortex-a7/", host: "d.zhuihoude.cn:1443"
2024/09/19 10:14:10 [error] 446492#446492: *1038 "/opt/static/软件下载/系统固件/高通/1.1.3/index.html" is not found (2: No such file or directory), client: 66.249.75.201, server: 192.168.1.2, request: "GET /%E8%BD%AF%E4%BB%B6%E4%B8%8B%E8%BD%BD/%E7%B3%BB%E7%BB%9F%E5%9B%BA%E4%BB%B6/%E9%AB%98%E9%80%9A/1.1.3/ HTTP/1.1", host: "d.zhuihoude.cn:1443"
2024/09/19 10:14:11 [error] 446492#446492: *1038 "/opt/static/软件下载/系统固件/高通/index.html" is not found (2: No such file or directory), client: 66.249.75.201, server: 192.168.1.2, request: "GET /%E8%BD%AF%E4%BB%B6%E4%B8%8B%E8%BD%BD/%E7%B3%BB%E7%BB%9F%E5%9B%BA%E4%BB%B6/%E9%AB%98%E9%80%9A/ HTTP/1.1", host: "d.zhuihoude.cn:1443"
2024/09/19 10:14:40 [error] 446492#446492: *1023 connect() to [2a03:4000:3b:221::1]:443 failed (101: Network is unreachable) while connecting to upstream, client: 66.249.75.201, server: 192.168.1.2, request: "GET /releases/faillogs-22.03/arm_cortex-a5_vfpv4/ HTTP/1.1", upstream: "https://[2a03:4000:3b:221::1]:443/releases/faillogs-22.03/arm_cortex-a5_vfpv4/", host: "d.zhuihoude.cn:1443"
2024/09/19 10:16:39 [error] 446492#446492: *1023 connect() to [2a03:4000:3b:221::1]:443 failed (101: Network is unreachable) while connecting to upstream, client: 66.249.75.201, server: 192.168.1.2, request: "GET /releases/packages-19.07/arm_cortex-a8_vfpv3/base/qos-scripts_1.3.1-2_all.ipk HTTP/1.1", upstream: "https://[2a03:4000:3b:221::1]:443/releases/packages-19.07/arm_cortex-a8_vfpv3/base/qos-scripts_1.3.1-2_all.ipk", host: "d.zhuihoude.cn:1443"
2024/09/19 10:18:19 [error] 446492#446492: *1023 connect() to [2a03:4000:3b:221::1]:443 failed (101: Network is unreachable) while connecting to upstream, client: 66.249.75.201, server: 192.168.1.2, request: "GET /releases/packages-17.01/mips_mips32/ HTTP/1.1", upstream: "https://[2a03:4000:3b:221::1]:443/releases/packages-17.01/mips_mips32/", host: "d.zhuihoude.cn:1443"
2024/09/19 10:18:22 [error] 446492#446492: *1023 upstream timed out (110: Connection timed out) while connecting to upstream, client: 66.249.75.201, server: 192.168.1.2, request: "GET /releases/packages-17.01/mips_mips32/ HTTP/1.1", upstream: "https://185.163.119.85:443/releases/packages-17.01/mips_mips32/", host: "d.zhuihoude.cn:1443"
2024/09/19 10:19:02 [error] 446492#446492: *1023 upstream timed out (110: Connection timed out) while connecting to upstream, client: 66.249.75.201, server: 192.168.1.2, request: "GET /releases/17.01.1/targets/ HTTP/1.1", upstream: "https://185.163.119.85:443/releases/17.01.1/targets/", host: "d.zhuihoude.cn:1443"
2024/09/19 10:19:02 [error] 446492#446492: *1023 connect() to [2a03:4000:3b:221::1]:443 failed (101: Network is unreachable) while connecting to upstream, client: 66.249.75.201, server: 192.168.1.2, request: "GET /releases/17.01.1/targets/ HTTP/1.1", upstream: "https://[2a03:4000:3b:221::1]:443/releases/17.01.1/targets/", host: "d.zhuihoude.cn:1443"
2024/09/19 10:19:19 [error] 446492#446492: *1023 connect() to [2a03:4000:3b:221::1]:443 failed (101: Network is unreachable) while connecting to upstream, client: 66.249.75.201, server: 192.168.1.2, request: "GET /releases/18.06.0/packages/mipsel_mips32/ HTTP/1.1", upstream: "https://[2a03:4000:3b:221::1]:443/releases/18.06.0/packages/mipsel_mips32/", host: "d.zhuihoude.cn:1443"
2024/09/19 10:19:33 [error] 446492#446492: *1079 "/opt/static/mc/index.html" is not found (2: No such file or directory), client: 66.249.75.201, server: 192.168.1.2, request: "GET /mc/ HTTP/1.1", host: "d.zhuihoude.cn:1443"
2024/09/19 10:19:39 [error] 446492#446492: *1023 connect() to [2a03:4000:3b:221::1]:443 failed (101: Network is unreachable) while connecting to upstream, client: 66.249.75.201, server: 192.168.1.2, request: "GET /releases/18.06.0/packages/mipsel_74kc/ HTTP/1.1", upstream: "https://[2a03:4000:3b:221::1]:443/releases/18.06.0/packages/mipsel_74kc/", host: "d.zhuihoude.cn:1443"
2024/09/19 10:20:39 [error] 446492#446492: *1023 connect() to [2a03:4000:3b:221::1]:443 failed (101: Network is unreachable) while connecting to upstream, client: 66.249.75.201, server: 192.168.1.2, request: "GET /releases/18.06.0/packages/mipsel_24kc_24kf/ HTTP/1.1", upstream: "https://[2a03:4000:3b:221::1]:443/releases/18.06.0/packages/mipsel_24kc_24kf/", host: "d.zhuihoude.cn:1443"
2024/09/19 10:21:35 [error] 446492#446492: *1090 "/opt/static/opt/static/教程/直播机_壁纸不完整_关闭主屏菜单/index.html" is not found (2: No such file or directory), client: 66.249.75.201, server: 192.168.1.2, request: "GET /opt/static/%E6%95%99%E7%A8%8B/%E7%9B%B4%E6%92%AD%E6%9C%BA_%E5%A3%81%E7%BA%B8%E4%B8%8D%E5%AE%8C%E6%95%B4_%E5%85%B3%E9%97%AD%E4%B8%BB%E5%B1%8F%E8%8F%9C%E5%8D%95/ HTTP/1.1", host: "d.zhuihoude.cn:1443"
2024/09/19 10:21:36 [error] 446492#446492: *1090 connect() to [2a03:4000:3b:221::1]:443 failed (101: Network is unreachable) while connecting to upstream, client: 66.249.75.201, server: 192.168.1.2, request: "GET /releases/17.01.7/targets/octeon/ HTTP/1.1", upstream: "https://[2a03:4000:3b:221::1]:443/releases/17.01.7/targets/octeon/", host: "d.zhuihoude.cn:1443"
2024/09/19 10:22:39 [error] 446492#446492: *1023 connect() to [2a03:4000:3b:221::1]:443 failed (101: Network is unreachable) while connecting to upstream, client: 66.249.75.201, server: 192.168.1.2, request: "GET /releases/packages-19.07/arm_mpcore/telephony/libfreetdm-ftmod-libpri_2021-08-30-8918ee1c-1_arm_mpcore.ipk HTTP/1.1", upstream: "https://[2a03:4000:3b:221::1]:443/releases/packages-19.07/arm_mpcore/telephony/libfreetdm-ftmod-libpri_2021-08-30-8918ee1c-1_arm_mpcore.ipk", host: "d.zhuihoude.cn:1443"
2024/09/19 10:23:39 [error] 446492#446492: *1023 connect() to [2a03:4000:3b:221::1]:443 failed (101: Network is unreachable) while connecting to upstream, client: 66.249.75.201, server: 192.168.1.2, request: "GET /releases/packages-19.07/arm_mpcore/telephony/kamailio5-mod-uid-uri-db_5.2.1-2_arm_mpcore.ipk HTTP/1.1", upstream: "https://[2a03:4000:3b:221::1]:443/releases/packages-19.07/arm_mpcore/telephony/kamailio5-mod-uid-uri-db_5.2.1-2_arm_mpcore.ipk", host: "d.zhuihoude.cn:1443"
2024/09/19 10:24:02 [error] 446492#446492: *1023 upstream timed out (110: Connection timed out) while connecting to upstream, client: 66.249.75.201, server: 192.168.1.2, request: "GET /releases/18.06.0/packages/powerpc_464fp/ HTTP/1.1", upstream: "https://185.163.119.85:443/releases/18.06.0/packages/powerpc_464fp/", host: "d.zhuihoude.cn:1443"
2024/09/19 10:24:02 [error] 446492#446492: *1023 connect() to [2a03:4000:3b:221::1]:443 failed (101: Network is unreachable) while connecting to upstream, client: 66.249.75.201, server: 192.168.1.2, request: "GET /releases/18.06.0/packages/powerpc_464fp/ HTTP/1.1", upstream: "https://[2a03:4000:3b:221::1]:443/releases/18.06.0/packages/powerpc_464fp/", host: "d.zhuihoude.cn:1443"
2024/09/19 10:24:13 [error] 446492#446492: *1104 open() "/opt/static/plugin/AntiXRay" failed (2: No such file or directory), client: 127.0.0.1, server: 192.168.1.2, request: "POST /plugin/AntiXRay HTTP/1.1", host: "report.mcstats.org"
2024/09/19 10:24:41 [error] 446492#446492: *1106 upstream timed out (110: Connection timed out) while connecting to upstream, client: 66.249.75.201, server: 192.168.1.2, request: "GET /releases/17.01.7/targets/ramips/ HTTP/1.1", upstream: "https://185.163.119.85:443/releases/17.01.7/targets/ramips/", host: "d.zhuihoude.cn:1443"
2024/09/19 10:24:41 [error] 446492#446492: *1106 connect() to [2a03:4000:3b:221::1]:443 failed (101: Network is unreachable) while connecting to upstream, client: 66.249.75.201, server: 192.168.1.2, request: "GET /releases/17.01.7/targets/ramips/ HTTP/1.1", upstream: "https://[2a03:4000:3b:221::1]:443/releases/17.01.7/targets/ramips/", host: "d.zhuihoude.cn:1443"
2024/09/19 10:24:41 [error] 446492#446492: *1023 no live upstreams while connecting to upstream, client: 66.249.75.201, server: 192.168.1.2, request: "GET /releases/packages-19.07/arm_mpcore/telephony/yate-mod-alsachan_6.1.0-1-2_arm_mpcore.ipk HTTP/1.1", upstream: "https://mirror-03.infra.openwrt.org/releases/packages-19.07/arm_mpcore/telephony/yate-mod-alsachan_6.1.0-1-2_arm_mpcore.ipk", host: "d.zhuihoude.cn:1443"
2024/09/19 10:24:59 [error] 446492#446492: *1023 connect() to [2a03:4000:3b:221::1]:443 failed (101: Network is unreachable) while connecting to upstream, client: 66.249.75.201, server: 192.168.1.2, request: "GET /releases/packages-19.07/arm_mpcore/telephony/sngrep_1.4.6-1_arm_mpcore.ipk HTTP/1.1", upstream: "https://[2a03:4000:3b:221::1]:443/releases/packages-19.07/arm_mpcore/telephony/sngrep_1.4.6-1_arm_mpcore.ipk", host: "d.zhuihoude.cn:1443"
2024/09/19 10:25:18 [error] 446492#446492: *1023 connect() to [2a03:4000:3b:221::1]:443 failed (101: Network is unreachable) while connecting to upstream, client: 66.249.75.201, server: 192.168.1.2, request: "GET /releases/packages-19.07/arm_mpcore/telephony/yate-mod-heartbeat_6.1.0-1-2_arm_mpcore.ipk HTTP/1.1", upstream: "https://[2a03:4000:3b:221::1]:443/releases/packages-19.07/arm_mpcore/telephony/yate-mod-heartbeat_6.1.0-1-2_arm_mpcore.ipk", host: "d.zhuihoude.cn:1443"
2024/09/19 10:25:41 [error] 446492#446492: *1023 upstream timed out (110: Connection timed out) while connecting to upstream, client: 66.249.75.201, server: 192.168.1.2, request: "GET /releases/packages-19.07/arm_mpcore/telephony/asterisk16-res-tonedetect_16.25.2-1_arm_mpcore.ipk HTTP/1.1", upstream: "https://185.163.119.85:443/releases/packages-19.07/arm_mpcore/telephony/asterisk16-res-tonedetect_16.25.2-1_arm_mpcore.ipk", host: "d.zhuihoude.cn:1443"
2024/09/19 10:25:41 [error] 446492#446492: *1023 connect() to [2a03:4000:3b:221::1]:443 failed (101: Network is unreachable) while connecting to upstream, client: 66.249.75.201, server: 192.168.1.2, request: "GET /releases/packages-19.07/arm_mpcore/telephony/asterisk16-res-tonedetect_16.25.2-1_arm_mpcore.ipk HTTP/1.1", upstream: "https://[2a03:4000:3b:221::1]:443/releases/packages-19.07/arm_mpcore/telephony/asterisk16-res-tonedetect_16.25.2-1_arm_mpcore.ipk", host: "d.zhuihoude.cn:1443"
2024/09/19 10:26:39 [error] 446492#446492: *1119 connect() to [2a03:4000:3b:221::1]:443 failed (101: Network is unreachable) while connecting to upstream, client: 66.249.75.202, server: 192.168.1.2, request: "GET /releases/packages-19.07/arm_mpcore/telephony/yate-mod-regfile_6.1.0-1-2_arm_mpcore.ipk HTTP/1.1", upstream: "https://[2a03:4000:3b:221::1]:443/releases/packages-19.07/arm_mpcore/telephony/yate-mod-regfile_6.1.0-1-2_arm_mpcore.ipk", host: "d.zhuihoude.cn:1443"
2024/09/19 10:27:38 [error] 446492#446492: *1023 connect() to [2a03:4000:3b:221::1]:443 failed (101: Network is unreachable) while connecting to upstream, client: 66.249.75.201, server: 192.168.1.2, request: "GET /releases/packages-19.07/arm_mpcore/telephony/yate-mod-cpuload_6.1.0-1-2_arm_mpcore.ipk HTTP/1.1", upstream: "https://[2a03:4000:3b:221::1]:443/releases/packages-19.07/arm_mpcore/telephony/yate-mod-cpuload_6.1.0-1-2_arm_mpcore.ipk", host: "d.zhuihoude.cn:1443"
2024/09/19 10:28:58 [error] 446492#446492: *1023 connect() to [2a03:4000:3b:221::1]:443 failed (101: Network is unreachable) while connecting to upstream, client: 66.249.75.201, server: 192.168.1.2, request: "GET /releases/packages-19.07/arm_mpcore/telephony/yate-mod-analogdetect_6.1.0-1-2_arm_mpcore.ipk HTTP/1.1", upstream: "https://[2a03:4000:3b:221::1]:443/releases/packages-19.07/arm_mpcore/telephony/yate-mod-analogdetect_6.1.0-1-2_arm_mpcore.ipk", host: "d.zhuihoude.cn:1443"
2024/09/19 10:29:47 [error] 446491#446491: *1162 connect() to [2a03:4000:3b:221::1]:443 failed (101: Network is unreachable) while connecting to upstream, client: 66.249.75.201, server: 192.168.1.2, request: "GET /releases/packages-19.07/arm_cortex-a15_neon-vfpv4/ HTTP/1.1", upstream: "https://[2a03:4000:3b:221::1]:443/releases/packages-19.07/arm_cortex-a15_neon-vfpv4/", host: "d.zhuihoude.cn:1443"
2024/09/19 10:29:50 [error] 446491#446491: *1162 upstream timed out (110: Connection timed out) while connecting to upstream, client: 66.249.75.201, server: 192.168.1.2, request: "GET /releases/packages-19.07/arm_cortex-a15_neon-vfpv4/ HTTP/1.1", upstream: "https://185.163.119.85:443/releases/packages-19.07/arm_cortex-a15_neon-vfpv4/", host: "d.zhuihoude.cn:1443"
2024/09/19 10:29:58 [error] 446492#446492: *1023 connect() to [2a03:4000:3b:221::1]:443 failed (101: Network is unreachable) while connecting to upstream, client: 66.249.75.201, server: 192.168.1.2, request: "GET /releases/packages-19.07/arm_mpcore/telephony/yate-mod-cache_6.1.0-1-2_arm_mpcore.ipk HTTP/1.1", upstream: "https://[2a03:4000:3b:221::1]:443/releases/packages-19.07/arm_mpcore/telephony/yate-mod-cache_6.1.0-1-2_arm_mpcore.ipk", host: "d.zhuihoude.cn:1443"
2024/09/19 10:30:58 [error] 446492#446492: *1023 connect() to [2a03:4000:3b:221::1]:443 failed (101: Network is unreachable) while connecting to upstream, client: 66.249.75.201, server: 192.168.1.2, request: "GET /releases/packages-19.07/arm_mpcore/telephony/yate-mod-ilbccodec_6.1.0-1-2_arm_mpcore.ipk HTTP/1.1", upstream: "https://[2a03:4000:3b:221::1]:443/releases/packages-19.07/arm_mpcore/telephony/yate-mod-ilbccodec_6.1.0-1-2_arm_mpcore.ipk", host: "d.zhuihoude.cn:1443"
2024/09/19 10:31:58 [error] 446492#446492: *1023 connect() to [2a03:4000:3b:221::1]:443 failed (101: Network is unreachable) while connecting to upstream, client: 66.249.75.201, server: 192.168.1.2, request: "GET /releases/packages-19.07/arm_mpcore/telephony/yate-mod-eventlogs_6.1.0-1-2_arm_mpcore.ipk HTTP/1.1", upstream: "https://[2a03:4000:3b:221::1]:443/releases/packages-19.07/arm_mpcore/telephony/yate-mod-eventlogs_6.1.0-1-2_arm_mpcore.ipk", host: "d.zhuihoude.cn:1443"
2024/09/19 10:32:56 [error] 446491#446491: *1180 connect() to [2a03:4000:3b:221::1]:443 failed (101: Network is unreachable) while connecting to upstream, client: 66.249.75.201, server: 192.168.1.2, request: "GET /releases/19.07.0/targets/kirkwood/ HTTP/1.1", upstream: "https://[2a03:4000:3b:221::1]:443/releases/19.07.0/targets/kirkwood/", host: "d.zhuihoude.cn:1443"
2024/09/19 10:32:58 [error] 446492#446492: *1023 connect() to [2a03:4000:3b:221::1]:443 failed (101: Network is unreachable) while connecting to upstream, client: 66.249.75.201, server: 192.168.1.2, request: "GET /releases/packages-19.07/arm_mpcore/telephony/yate-mod-callgen_6.1.0-1-2_arm_mpcore.ipk HTTP/1.1", upstream: "https://[2a03:4000:3b:221::1]:443/releases/packages-19.07/arm_mpcore/telephony/yate-mod-callgen_6.1.0-1-2_arm_mpcore.ipk", host: "d.zhuihoude.cn:1443"
2024/09/19 10:34:00 [error] 446492#446492: *1023 connect() to [2a03:4000:3b:221::1]:443 failed (101: Network is unreachable) while connecting to upstream, client: 66.249.75.201, server: 192.168.1.2, request: "GET /releases/packages-19.07/arm_mpcore/telephony/kamailio5-mod-nosip_5.2.1-2_arm_mpcore.ipk HTTP/1.1", upstream: "https://[2a03:4000:3b:221::1]:443/releases/packages-19.07/arm_mpcore/telephony/kamailio5-mod-nosip_5.2.1-2_arm_mpcore.ipk", host: "d.zhuihoude.cn:1443"
2024/09/19 10:34:57 [error] 446492#446492: *1023 connect() to [2a03:4000:3b:221::1]:443 failed (101: Network is unreachable) while connecting to upstream, client: 66.249.75.201, server: 192.168.1.2, request: "GET /releases/packages-19.07/arm_mpcore/telephony/yate-mod-mrcpspeech_6.1.0-1-2_arm_mpcore.ipk HTTP/1.1", upstream: "https://[2a03:4000:3b:221::1]:443/releases/packages-19.07/arm_mpcore/telephony/yate-mod-mrcpspeech_6.1.0-1-2_arm_mpcore.ipk", host: "d.zhuihoude.cn:1443"
2024/09/19 10:35:18 [error] 446491#446491: *1196 connect() to [2a03:4000:3b:221::1]:443 failed (101: Network is unreachable) while connecting to upstream, client: 66.249.75.203, server: 192.168.1.2, request: "GET /releases/packages-19.07/arm_mpcore/telephony/asterisk16-app-attended-transfer_16.25.2-1_arm_mpcore.ipk HTTP/1.1", upstream: "https://[2a03:4000:3b:221::1]:443/releases/packages-19.07/arm_mpcore/telephony/asterisk16-app-attended-transfer_16.25.2-1_arm_mpcore.ipk", host: "d.zhuihoude.cn:1443"
2024/09/19 10:36:57 [error] 446492#446492: *1023 connect() to [2a03:4000:3b:221::1]:443 failed (101: Network is unreachable) while connecting to upstream, client: 66.249.75.201, server: 192.168.1.2, request: "GET /releases/packages-19.07/arc_arc700/packages/znc-mod-identfile_1.7.4-1_arc_arc700.ipk HTTP/1.1", upstream: "https://[2a03:4000:3b:221::1]:443/releases/packages-19.07/arc_arc700/packages/znc-mod-identfile_1.7.4-1_arc_arc700.ipk", host: "d.zhuihoude.cn:1443"
2024/09/19 10:37:29 [error] 446491#446491: *1207 connect() to [2a03:4000:3b:221::1]:443 failed (101: Network is unreachable) while connecting to upstream, client: 66.249.75.201, server: 192.168.1.2, request: "GET /releases/packages-19.07/x86_64/ HTTP/1.1", upstream: "https://[2a03:4000:3b:221::1]:443/releases/packages-19.07/x86_64/", host: "d.zhuihoude.cn:1443"
2024/09/19 10:37:40 [error] 446492#446492: *1023 upstream timed out (110: Connection timed out) while connecting to upstream, client: 66.249.75.201, server: 192.168.1.2, request: "GET /releases/packages-19.07/arc_arc700/packages/znc-mod-block-motd_1.7.4-1_arc_arc700.ipk HTTP/1.1", upstream: "https://185.163.119.85:443/releases/packages-19.07/arc_arc700/packages/znc-mod-block-motd_1.7.4-1_arc_arc700.ipk", host: "d.zhuihoude.cn:1443"
2024/09/19 10:37:40 [error] 446492#446492: *1023 connect() to [2a03:4000:3b:221::1]:443 failed (101: Network is unreachable) while connecting to upstream, client: 66.249.75.201, server: 192.168.1.2, request: "GET /releases/packages-19.07/arc_arc700/packages/znc-mod-block-motd_1.7.4-1_arc_arc700.ipk HTTP/1.1", upstream: "https://[2a03:4000:3b:221::1]:443/releases/packages-19.07/arc_arc700/packages/znc-mod-block-motd_1.7.4-1_arc_arc700.ipk", host: "d.zhuihoude.cn:1443"
2024/09/19 10:37:57 [error] 446492#446492: *1023 connect() to [2a03:4000:3b:221::1]:443 failed (101: Network is unreachable) while connecting to upstream, client: 66.249.75.201, server: 192.168.1.2, request: "GET /releases/packages-19.07/arm_mpcore/telephony/asterisk16-format-ogg-vorbis_16.25.2-1_arm_mpcore.ipk HTTP/1.1", upstream: "https://[2a03:4000:3b:221::1]:443/releases/packages-19.07/arm_mpcore/telephony/asterisk16-format-ogg-vorbis_16.25.2-1_arm_mpcore.ipk", host: "d.zhuihoude.cn:1443"
2024/09/19 10:38:00 [error] 446492#446492: *1023 upstream timed out (110: Connection timed out) while connecting to upstream, client: 66.249.75.201, server: 192.168.1.2, request: "GET /releases/packages-19.07/arm_mpcore/telephony/asterisk16-format-ogg-vorbis_16.25.2-1_arm_mpcore.ipk HTTP/1.1", upstream: "https://185.163.119.85:443/releases/packages-19.07/arm_mpcore/telephony/asterisk16-format-ogg-vorbis_16.25.2-1_arm_mpcore.ipk", host: "d.zhuihoude.cn:1443"
2024/09/19 10:38:17 [error] 446492#446492: *1023 connect() to [2a03:4000:3b:221::1]:443 failed (101: Network is unreachable) while connecting to upstream, client: 66.249.75.201, server: 192.168.1.2, request: "GET /releases/packages-19.07/arc_arc700/packages/znc-mod-chansaver_1.7.4-1_arc_arc700.ipk HTTP/1.1", upstream: "https://[2a03:4000:3b:221::1]:443/releases/packages-19.07/arc_arc700/packages/znc-mod-chansaver_1.7.4-1_arc_arc700.ipk", host: "d.zhuihoude.cn:1443"
2024/09/19 10:38:33 [error] 446491#446491: *1207 upstream timed out (110: Connection timed out) while connecting to upstream, client: 66.249.75.201, server: 192.168.1.2, request: "GET /releases/17.01.7/packages/i386_i486/ HTTP/1.1", upstream: "https://185.163.119.85:443/releases/17.01.7/packages/i386_i486/", host: "d.zhuihoude.cn:1443"
2024/09/19 10:38:33 [error] 446491#446491: *1207 connect() to [2a03:4000:3b:221::1]:443 failed (101: Network is unreachable) while connecting to upstream, client: 66.249.75.201, server: 192.168.1.2, request: "GET /releases/17.01.7/packages/i386_i486/ HTTP/1.1", upstream: "https://[2a03:4000:3b:221::1]:443/releases/17.01.7/packages/i386_i486/", host: "d.zhuihoude.cn:1443"
2024/09/19 10:38:37 [error] 446492#446492: *1023 connect() to [2a03:4000:3b:221::1]:443 failed (101: Network is unreachable) while connecting to upstream, client: 66.249.75.201, server: 192.168.1.2, request: "GET /releases/packages-19.07/arm_mpcore/telephony/asterisk16-chan-rtp_16.25.2-1_arm_mpcore.ipk HTTP/1.1", upstream: "https://[2a03:4000:3b:221::1]:443/releases/packages-19.07/arm_mpcore/telephony/asterisk16-chan-rtp_16.25.2-1_arm_mpcore.ipk", host: "d.zhuihoude.cn:1443"
2024/09/19 10:39:13 [error] 446491#446491: *1221 open() "/opt/static/plugin/AntiXRay" failed (2: No such file or directory), client: 127.0.0.1, server: 192.168.1.2, request: "POST /plugin/AntiXRay HTTP/1.1", host: "report.mcstats.org"
2024/09/19 10:39:37 [error] 446492#446492: *1023 connect() to [2a03:4000:3b:221::1]:443 failed (101: Network is unreachable) while connecting to upstream, client: 66.249.75.201, server: 192.168.1.2, request: "GET /releases/packages-19.07/arm_mpcore/telephony/yate-mod-monitoring_6.1.0-1-2_arm_mpcore.ipk HTTP/1.1", upstream: "https://[2a03:4000:3b:221::1]:443/releases/packages-19.07/arm_mpcore/telephony/yate-mod-monitoring_6.1.0-1-2_arm_mpcore.ipk", host: "d.zhuihoude.cn:1443"
2024/09/19 10:40:37 [error] 446492#446492: *1023 connect() to [2a03:4000:3b:221::1]:443 failed (101: Network is unreachable) while connecting to upstream, client: 66.249.75.201, server: 192.168.1.2, request: "GET /releases/packages-19.07/arm_mpcore/telephony/asterisk16-app-stasis_16.25.2-1_arm_mpcore.ipk HTTP/1.1", upstream: "https://[2a03:4000:3b:221::1]:443/releases/packages-19.07/arm_mpcore/telephony/asterisk16-app-stasis_16.25.2-1_arm_mpcore.ipk", host: "d.zhuihoude.cn:1443"
2024/09/19 10:41:40 [error] 446491#446491: *1233 upstream timed out (110: Connection timed out) while connecting to upstream, client: 66.249.75.202, server: 192.168.1.2, request: "GET /releases/packages-19.07/arm_mpcore/telephony/asterisk16-app-amd_16.25.2-1_arm_mpcore.ipk HTTP/1.1", upstream: "https://185.163.119.85:443/releases/packages-19.07/arm_mpcore/telephony/asterisk16-app-amd_16.25.2-1_arm_mpcore.ipk", host: "d.zhuihoude.cn:1443"
2024/09/19 10:41:40 [error] 446491#446491: *1233 connect() to [2a03:4000:3b:221::1]:443 failed (101: Network is unreachable) while connecting to upstream, client: 66.249.75.202, server: 192.168.1.2, request: "GET /releases/packages-19.07/arm_mpcore/telephony/asterisk16-app-amd_16.25.2-1_arm_mpcore.ipk HTTP/1.1", upstream: "https://[2a03:4000:3b:221::1]:443/releases/packages-19.07/arm_mpcore/telephony/asterisk16-app-amd_16.25.2-1_arm_mpcore.ipk", host: "d.zhuihoude.cn:1443"
2024/09/19 10:42:17 [error] 446492#446492: *1023 connect() to [2a03:4000:3b:221::1]:443 failed (101: Network is unreachable) while connecting to upstream, client: 66.249.75.201, server: 192.168.1.2, request: "GET /releases/packages-19.07/arm_cortex-a8_vfpv3/base/libevent2-7_2.1.11-1_arm_cortex-a8_vfpv3.ipk HTTP/1.1", upstream: "https://[2a03:4000:3b:221::1]:443/releases/packages-19.07/arm_cortex-a8_vfpv3/base/libevent2-7_2.1.11-1_arm_cortex-a8_vfpv3.ipk", host: "d.zhuihoude.cn:1443"
2024/09/19 10:43:36 [error] 446492#446492: *1023 connect() to [2a03:4000:3b:221::1]:443 failed (101: Network is unreachable) while connecting to upstream, client: 66.249.75.201, server: 192.168.1.2, request: "GET /releases/packages-19.07/arm_mpcore/telephony/kamailio5-mod-xhttp_5.2.1-2_arm_mpcore.ipk HTTP/1.1", upstream: "https://[2a03:4000:3b:221::1]:443/releases/packages-19.07/arm_mpcore/telephony/kamailio5-mod-xhttp_5.2.1-2_arm_mpcore.ipk", host: "d.zhuihoude.cn:1443"
2024/09/19 10:44:37 [error] 446491#446491: *1245 connect() to [2a03:4000:3b:221::1]:443 failed (101: Network is unreachable) while connecting to upstream, client: 66.249.75.202, server: 192.168.1.2, request: "GET /releases/23.05.0-rc3/packages/arm_arm926ej-s/ HTTP/1.1", upstream: "https://[2a03:4000:3b:221::1]:443/releases/23.05.0-rc3/packages/arm_arm926ej-s/", host: "d.zhuihoude.cn:1443"
2024/09/19 10:45:16 [error] 446491#446491: *1245 connect() to [2a03:4000:3b:221::1]:443 failed (101: Network is unreachable) while connecting to upstream, client: 66.249.75.202, server: 192.168.1.2, request: "GET /releases/packages-19.07/arm_mpcore/telephony/asterisk16-chan-iax2_16.25.2-1_arm_mpcore.ipk HTTP/1.1", upstream: "https://[2a03:4000:3b:221::1]:443/releases/packages-19.07/arm_mpcore/telephony/asterisk16-chan-iax2_16.25.2-1_arm_mpcore.ipk", host: "d.zhuihoude.cn:1443"
2024/09/19 10:45:36 [error] 446492#446492: *1023 connect() to [2a03:4000:3b:221::1]:443 failed (101: Network is unreachable) while connecting to upstream, client: 66.249.75.201, server: 192.168.1.2, request: "GET /releases/packages-19.07/arm_cortex-a8_vfpv3/base/thc-ipv6-trace6_2.7-1_arm_cortex-a8_vfpv3.ipk HTTP/1.1", upstream: "https://[2a03:4000:3b:221::1]:443/releases/packages-19.07/arm_cortex-a8_vfpv3/base/thc-ipv6-trace6_2.7-1_arm_cortex-a8_vfpv3.ipk", host: "d.zhuihoude.cn:1443"
2024/09/19 10:46:56 [error] 446492#446492: *1023 connect() to [2a03:4000:3b:221::1]:443 failed (101: Network is unreachable) while connecting to upstream, client: 66.249.75.201, server: 192.168.1.2, request: "GET /releases/packages-19.07/arm_mpcore/telephony/yate-mod-ss7-lnp-ansi_6.1.0-1-2_arm_mpcore.ipk HTTP/1.1", upstream: "https://[2a03:4000:3b:221::1]:443/releases/packages-19.07/arm_mpcore/telephony/yate-mod-ss7-lnp-ansi_6.1.0-1-2_arm_mpcore.ipk", host: "d.zhuihoude.cn:1443"
2024/09/19 10:48:36 [error] 446492#446492: *1023 connect() to [2a03:4000:3b:221::1]:443 failed (101: Network is unreachable) while connecting to upstream, client: 66.249.75.201, server: 192.168.1.2, request: "GET /releases/19.07.0/targets/kirkwood/generic/ HTTP/1.1", upstream: "https://[2a03:4000:3b:221::1]:443/releases/19.07.0/targets/kirkwood/generic/", host: "d.zhuihoude.cn:1443"
2024/09/19 10:49:36 [error] 446492#446492: *1023 connect() to [2a03:4000:3b:221::1]:443 failed (101: Network is unreachable) while connecting to upstream, client: 66.249.75.201, server: 192.168.1.2, request: "GET /releases/packages-19.07/arm_arm926ej-s/telephony/ HTTP/1.1", upstream: "https://[2a03:4000:3b:221::1]:443/releases/packages-19.07/arm_arm926ej-s/telephony/", host: "d.zhuihoude.cn:1443"
2024/09/19 10:50:11 [error] 446491#446491: *1289 connect() to [2a03:4000:3b:221::1]:443 failed (101: Network is unreachable) while connecting to upstream, client: 66.249.75.202, server: 192.168.1.2, request: "GET /releases/packages-19.07/mipsel_24kc_24kf/luci/ HTTP/1.1", upstream: "https://[2a03:4000:3b:221::1]:443/releases/packages-19.07/mipsel_24kc_24kf/luci/", host: "d.zhuihoude.cn:1443"
2024/09/19 10:50:56 [error] 446492#446492: *1023 connect() to [2a03:4000:3b:221::1]:443 failed (101: Network is unreachable) while connecting to upstream, client: 66.249.75.201, server: 192.168.1.2, request: "GET /releases/packages-19.07/arm_cortex-a8_vfpv3/packages/libelektra-xml_0.8.21-3_arm_cortex-a8_vfpv3.ipk HTTP/1.1", upstream: "https://[2a03:4000:3b:221::1]:443/releases/packages-19.07/arm_cortex-a8_vfpv3/packages/libelektra-xml_0.8.21-3_arm_cortex-a8_vfpv3.ipk", host: "d.zhuihoude.cn:1443"
2024/09/19 10:50:59 [error] 446492#446492: *1023 upstream timed out (110: Connection timed out) while connecting to upstream, client: 66.249.75.201, server: 192.168.1.2, request: "GET /releases/packages-19.07/arm_cortex-a8_vfpv3/packages/libelektra-xml_0.8.21-3_arm_cortex-a8_vfpv3.ipk HTTP/1.1", upstream: "https://185.163.119.85:443/releases/packages-19.07/arm_cortex-a8_vfpv3/packages/libelektra-xml_0.8.21-3_arm_cortex-a8_vfpv3.ipk", host: "d.zhuihoude.cn:1443"
2024/09/19 10:52:35 [error] 446492#446492: *1023 connect() to [2a03:4000:3b:221::1]:443 failed (101: Network is unreachable) while connecting to upstream, client: 66.249.75.201, server: 192.168.1.2, request: "GET /releases/packages-19.07/arm_cortex-a8_vfpv3/base/thc-ipv6-toobig6_2.7-1_arm_cortex-a8_vfpv3.ipk HTTP/1.1", upstream: "https://[2a03:4000:3b:221::1]:443/releases/packages-19.07/arm_cortex-a8_vfpv3/base/thc-ipv6-toobig6_2.7-1_arm_cortex-a8_vfpv3.ipk", host: "d.zhuihoude.cn:1443"
2024/09/19 10:52:38 [error] 446491#446491: *1305 connect() to [2a03:4000:3b:221::1]:443 failed (101: Network is unreachable) while connecting to upstream, client: 66.249.75.201, server: 192.168.1.2, request: "GET /releases/23.05.0-rc3/packages/arm_mpcore/ HTTP/1.1", upstream: "https://[2a03:4000:3b:221::1]:443/releases/23.05.0-rc3/packages/arm_mpcore/", host: "d.zhuihoude.cn:1443"
2024/09/19 10:54:13 [error] 446491#446491: *1312 open() "/opt/static/plugin/AntiXRay" failed (2: No such file or directory), client: 127.0.0.1, server: 192.168.1.2, request: "POST /plugin/AntiXRay HTTP/1.1", host: "report.mcstats.org"
2024/09/19 10:54:35 [error] 446491#446491: *1292 connect() to [2a03:4000:3b:221::1]:443 failed (101: Network is unreachable) while connecting to upstream, client: 66.249.75.202, server: 192.168.1.2, request: "GET /releases/packages-19.07/mipsel_mips32/base/ HTTP/1.1", upstream: "https://[2a03:4000:3b:221::1]:443/releases/packages-19.07/mipsel_mips32/base/", host: "d.zhuihoude.cn:1443"
2024/09/19 10:55:55 [error] 446492#446492: *1023 connect() to [2a03:4000:3b:221::1]:443 failed (101: Network is unreachable) while connecting to upstream, client: 66.249.75.201, server: 192.168.1.2, request: "GET /releases/packages-19.07/arm_mpcore/telephony/baresip-mod-opus_0.6.2-2_arm_mpcore.ipk HTTP/1.1", upstream: "https://[2a03:4000:3b:221::1]:443/releases/packages-19.07/arm_mpcore/telephony/baresip-mod-opus_0.6.2-2_arm_mpcore.ipk", host: "d.zhuihoude.cn:1443"
2024/09/19 10:56:15 [error] 446491#446491: *1326 connect() to [2a03:4000:3b:221::1]:443 failed (101: Network is unreachable) while connecting to upstream, client: 66.249.75.203, server: 192.168.1.2, request: "GET /releases/22.03.2/packages/ HTTP/1.1", upstream: "https://[2a03:4000:3b:221::1]:443/releases/22.03.2/packages/", host: "d.zhuihoude.cn:1443"
2024/09/19 10:57:38 [error] 446491#446491: *1338 connect() to [2a03:4000:3b:221::1]:443 failed (101: Network is unreachable) while connecting to upstream, client: 66.249.75.201, server: 192.168.1.2, request: "GET /releases/packages-19.07/powerpc_464fp/routing/ HTTP/1.1", upstream: "https://[2a03:4000:3b:221::1]:443/releases/packages-19.07/powerpc_464fp/routing/", host: "d.zhuihoude.cn:1443"
